 digit of v?
4
Suppose 2*p - 45 = -9. Suppose p = 4*v - 3*v. What is the units digit of v?
8
Let u = 13 - 18. Let l(m) = -3*m**2 + m + 8. Let v(i) = 7*i**2 - i - 17. Let s(q) = 9*l(q) + 4*v(q). What is the units digit of s(u)?
4
Let j(i) = -7*i**3 + 3*i**2 + 8*i - 3. Let y(u) = -8*u**3 + 3*u**2 + 9*u - 4. Let p(v) = -6*j(v) + 5*y(v). What is the units digit of p(3)?
6
Let m be 3 - 1/(3/(-39)). Let a be (-4)/(-6)*18/4. Suppose k - a*k = -m. What is the units digit of k?
8
Let z(n) = -n**2 + 15*n + 6. What is the tens digit of z(7)?
6
Suppose -3*j + 4*a + 318 = a, 4*a = -5*j + 539. What is the tens digit of j?
0
Let l(r) = 16*r**3 - 2*r + 1. What is the units digit of l(1)?
5
Let w be 6/(-2) - 5*-5. Suppose 0 = -2*g - 2*r + w, r - 2 = -6. What is the tens digit of g?
1
Let a = 262 + -83. What is the hundreds digit of a?
1
Let i = 36 + -12. What is the units digit of i/(-2)*(-10)/4?
0
Let p be ((-15)/(-10))/((-3)/(-8)). Let q be (p/5)/((-4)/(-130)). Suppose -l + 3*r - 8 = l, 3*l + 5*r = q. What is the units digit of l?
2
Suppose 2*p + 2*y = 94, -5*p + 178 = y - 45. What is the units digit of p?
4
What is the tens digit of 30/((-3)/(-3 + 0))?
3
Let z = 158 - 71. What is the units digit of z?
7
Suppose 2*j + 37 = -93. Let g = j - -92. Suppose 0 = 3*o + o - v - g, -o = -v - 9. What is the units digit of o?
6
Suppose -43 = -f - 13. Let z = f - 18. What is the tens digit of z?
1
Let z be (4 + -1 - 8)*-2. Let v = -7 + z. Suppose v*g + 2 = 5*h + 1, 4*h + 5*g = 23. What is the units digit of h?
2
Let y = -16 + 43. What is the tens digit of y?
2
Let q(r) = 9*r**3 - r**2 - r. Let h be q(-1). Let u = h - -13. Suppose 19 = i - 5*a, -9*a + u*a = 15. What is the units digit of i?
4
Let c(d) = -5*d + 133. What is the hundreds digit of c(0)?
1
Let h be (60/(-50))/((-2)/10). Suppose 4*v = h*v - 24. What is the units digit of v?
2
Suppose -5*j + 2*z + 2*z - 40 = 0, -4*z = -j - 24. Let k = j - -6. Suppose -s + k*s - 2 = 0. What is the units digit of s?
2
Let v(z) = -3*z**3 - 4*z**2 - 4*z - 4. Suppose 0 = -5*r + 10, -3*f - 3 = -4*f - 3*r. What is the tens digit of v(f)?
5
Suppose -3 = y - 7. Suppose 2*z = y*z - 8. Suppose 0 = -2*c - c - r + 25, -16 = -z*r. What is the units digit of c?
7
Suppose 10 = -p + 15. What is the units digit of 4/1 + 15/p?
7
Let v = 70 - 57. What is the tens digit of v?
1
Suppose 3*r - q = 103, -3*q - 21 = -6*r + 5*r. What is the units digit of r?
6
Let q be ((-14)/4)/((-9)/18). Suppose q*b + 72 = 9*b. What is the units digit of b?
6
Let i(c) = -c**3 + 2*c**2 + 2*c - 1. Let x be 8/(-24) + 5/(-3). What is the units digit of i(x)?
1
Let h(x) = 2*x - 2. Let t = -6 - -11. What is the units digit of h(t)?
8
Suppose -5*z + 2*z = 3. Let o(u) = -8*u**3 - u**2 - u - 1. Let k be o(z). Let r = k + -1. What is the units digit of r?
6
Suppose g = 3*g - 6. Suppose -3*a + 39 - g = 0. What is the units digit of a?
2
Let v(j) = 11*j + 7. What is the units digit of v(2)?
9
Let n = -2 + 7. Let j(h) = -h**2 + 8*h - 7. What is the units digit of j(n)?
8
Let l(p) = p**2 + 8*p + 2. Let q be l(-8). Suppose -h = -5*k + q*h - 27, -34 = 5*k + 4*h. Let f = k + 10. What is the units digit of f?
4
Suppose -5*j + 3*d + 19 = 0, -j + 11 = -0*j - 3*d. Suppose -3*z = j*z + 25. Let o = z - -10. What is the units digit of o?
5
Let q(f) = f**2 + 10*f - 3. Let t be q(-11). Let h = t + 47. What is the tens digit of h?
5
Let n(q) = 24*q + 4. What is the units digit of n(4)?
0
Let a(u) = -25*u - 29. What is the units digit of a(-8)?
1
Let v(j) = -3*j**2 - 40*j + 46. Let s(o) = o**2 + 13*o - 15. Let x(h) = -7*s(h) - 2*v(h). What is the units digit of x(-9)?
1
Suppose 2*y + 395 - 113 = 2*b, 4*y + 141 = b. What is the hundreds digit of b?
1
Let w be 11 + (18/3)/3. Suppose r + 11 = 3*h, 3*h - 2*r + 6 = w. What is the units digit of h?
5
Let w(o) = -o**2 - 17*o + 86. What is the units digit of w(-17)?
6
Let l be 2 + ((-132)/(-3) - -3). Suppose -n = 2, -2*v + l = v - 2*n. What is the tens digit of v?
1
Suppose -4*p + 256 = -0*p. What is the units digit of p?
4
Let a be 9 + 5 + -2 + -2. Let x be a/((3 - 1)/(-2)). Let j = 14 + x. What is the units digit of j?
4
Let k(y) = y**2 + 3*y - 5. Suppose 4*f + 12 = -3*u, u + 3 = -1. Let r be 2/4*f + -6. What is the units digit of k(r)?
3
Suppose -2*g - 3*g + 228 = a, 4*g = -8. What is the tens digit of a?
3
Let y(n) = -7*n**2 - n - 7. Let j(k) = -6*k**2 - 2*k - 7. Let w(u) = -6*j(u) + 5*y(u). Let s be w(-5). Let o = 8 + s. What is the units digit of o?
5
Suppose -3*f - 28 = 4*w - 6*f, -5*f = 4*w - 4. Let s = w - -9. What is the units digit of s?
5
Suppose -5*v - 6 = -1. Let n(j) = -16*j**3 + 1. What is the tens digit of n(v)?
1
Let w = -76 - -106. Suppose 4*s - 11 = 2*n - 1, -5*s + 2*n + 12 = 0. Suppose -b = 4*c - 1 + 16, -4*b + w = -s*c. What is the units digit of b?
5
Suppose 3*f - 3*z - 19 = 2*f, 3*z + 15 = 0. Suppose -68 = -0*o - f*o. What is the units digit of o?
7
Let v(y) = -3*y - 32. Let o be v(-13). Let f = 1 + o. What is the units digit of f?
8
Suppose 2*q - 55 = 65. What is the units digit of q?
0
Let j = -26 - -42. Suppose l - j = -6. What is the units digit of l?
0
Let m be 93 - 4/(8/(-6)). Suppose -5*j + 6*j - x = 20, -4*x + m = 4*j. What is the tens digit of j?
2
Suppose -3*g = -118 + 10. Suppose -g = -i - 4*r, -r - 48 = -3*i + 2*r. What is the units digit of i?
0
Let g(o) = 2*o**2 + o + 30. What is the tens digit of g(0)?
3
Let k(j) = -4*j**3 - 8*j**3 + 4*j**2 + j + 3 + 2 + 13*j**3. What is the units digit of k(-4)?
1
Suppose -4*u - 14 = -5*z + 316, -5*z + u + 345 = 0. Suppose -l = 4*l - z. Suppose 0 = -2*q - 5*f - l, 5*f + 10 = -q - 7. What is the units digit of q?
3
Suppose -3*y - z + 4 + 10 = 0, 2*y - 3*z = 13. Suppose 3*t + 38 = 4*f - 42, -4*t = -y*f + 100. Suppose 0*v + 2*v - f = 0. What is the units digit of v?
0
Let h = -97 + 190. What is the tens digit of h?
9
Suppose 0 = -o + 11 + 3. Suppose 2*v + o = -5*r + 67, -r = -5*v - 16. What is the tens digit of r?
1
Suppose -5*g - 39 - 1 = 0. Let x be (10/g)/(2/16). Let s = x + 18. What is the units digit of s?
8
Let m = 22 + -12. Suppose 4*s - 162 = -5*o, 0 = -3*s - 5*o + 134 - m. What is the tens digit of s?
3
Suppose -3*u = 37 + 32. Let j = u + 32. What is the units digit of j?
9
Suppose 2*f - 6 = -3*q, 0 = 4*q - 2*f - 3*f - 8. Suppose q = -2*k, -4*h + 69 = -0*h - k. Let p = h - 10. What is the units digit of p?
7
Let l = 3 + 2. Suppose 1 = l*i - 4*i. Suppose x - v = 3*x - 7, x = -5*v - i. What is the units digit of x?
4
Let v be 2 + 14 - 2/2. Let i be (-48)/v - 1/(-5). Let l = -2 - i. What is the units digit of l?
1
Let n = 320 - 185. What is the hundreds digit of n?
1
Suppose 6*v = 8*v - 158. What is the units digit of v?
9
What is the units digit of (-21)/(-2)*2 - -1?
2
Let x(a) = a**3 + 8*a**2 + 7*a + 2. Suppose -5*g = 5*z + 50, 0 = 3*z + 5*g + 8 + 28. What is the units digit of x(z)?
2
Let r(h) = -46*h. Let s be r(-1). Suppose 3*o - 2*z + 0*z - s = 0, 0 = -o + 5*z - 2. What is the units digit of o?
8
Let c(i) = -i**2 + 9*i - 12. Let d be c(8). What is the units digit of (6/d)/((-15)/20)?
2
Suppose 0 = -3*g + 3 - 0. Suppose g = -2*r + 3. What is the units digit of r?
1
Suppose 2*h + 6*a = 2*a - 16, 0 = 2*h - 2*a - 14. Let i be (h - 5) + 7 + -4. Suppose i = -3*g + 16 + 35. What is the tens digit of g?
1
Suppose 812 = -0*i + 4*i + 4*r, 4*i - 810 = -3*r. What is the units digit of i?
1
Let r(g) = -g**3 - 13*g**2 + 12*g - 9. What is the tens digit of r(-14)?
1
Let o(t) = 4*t - 6 + 6 - 6. What is the tens digit of o(5)?
1
Let y(x) = -x**3 - 13*x**2 - 11*x + 12. Let t be y(-12). Let o = 11 + t. What is the tens digit of o?
1
Let z be (-8)/(-4) + (2 - 1). Suppose 0*h + 42 = z*h. What is the units digit of h?
4
Let n be 0 - 3 - (3 - 9). Let w(q) = q**3 - 3*q**2 + q - 1. Let t be w(n). Suppose x = -t*h + 14, x - 2*h = 3*x - 20. What is the units digit of x?
6
Suppose 4 = 2*r + 2, 0 = -4*t + 4*r + 36. Suppose -p + 0 = -t. What is the units digit of p?
0
Suppose -6*a = -2*a - 8. Suppose 20 = 2*g + a*g. What is the units digit of g?
5
Let v(q) = -q**2 - 3*q - 2. Let x be v(-2). Suppose l = b - 8, x*l = -2*l - 10. What is the units digit of b?
3
Let t be (4 + -2)*(-10)/(-4). Suppose 3*q = -t*x + 95, -4*x + q = 6*q - 76. What is the tens digit of x?
1
Let s = 4 - 2. Suppose s*q = -p +